n - 53 = 3*n. Let h = n + 89. What is the remainder when h is divided by c?
10
Suppose 1130 = 2*m - 12*m. Let h = -99 - m. Let b(s) = s**2 - s + 6. What is the remainder when b(5) is divided by h?
12
Suppose -4*g - 14 = -3*l + 2*l, 4*l = 2*g + 14. Suppose 2*o = 2*c + c + 38, l*o - 4*c = 36. What is the remainder when 83 is divided by o?
17
Let r(d) = -7*d - 7. Let a(l) = -2*l**2 + l + 8. Let z be a(0). Suppose -328 = 4*g - z*g. Calculate the remainder when g is divided by r(-5).
26
Suppose -5*o + 83 = -t, 74 = 5*o - 3*t - 5. Calculate the remainder when 66 is divided by o.
15
Suppose 2*b - 153 = -t, -3*b + 0*t = -2*t - 212. Let i = b + -68. What is the remainder when 11 is divided by i?
5
Suppose 0 = 6*v - 10*v + 16. Let f be (v/6)/((-11)/594). Let c = -32 - f. Calculate the remainder when 15 is divided by c.
3
Let z = -252 - -417. What is the remainder when z is divided by 21?
18
Let y(w) be the third derivative of -w**4/8 - 3*w**3/2 - 6*w**2. Let d be (-18)/4*(-3 + 5). What is the remainder when y(d) is divided by 5?
3
Let o(j) = -9*j - 64. Calculate the remainder when 110 is divided by o(-8).
6
What is the remainder when -1 + -2 + (4 + -2 - -71) is divided by 23?
1
Suppose 2*f - 202 = 3*x, 5*x + 85 = 3*f - 218. Suppose -5*z + f + 149 = 0. What is the remainder when z is divided by 26?
24
Let v(f) = -f**2 - 6*f + 3. Let n be v(-6). Suppose -82 = -5*b + 3*r - 22, b + n*r = 30. Calculate the remainder when 52 is divided by b.
7
Suppose -2*t + 2*f = 58, 4*f + 29 = -t + 3*f. Let j = t - -12. What is the remainder when 73 is divided by 3 + 0 + -1 - j?
16
Calculate the remainder when 417/6 + 1/(-2) is divided by -18 + 11 + (-60)/(1 + -5).
5
Let m(o) = 2*o**2 - 35*o + 245. Calculate the remainder when m(13) is divided by 72.
56
Suppose -j - l = -12, -66*j + 67*j - 2*l = 15. What is the remainder when 36 is divided by j?
10
Suppose 277*y - 39330 = -68*y. Let l(d) = 28*d**2 + 2*d - 1. What is the remainder when y is divided by l(1)?
27
Suppose -5*r - 213 = 134*b - 135*b, -2*b = 4*r - 454. Calculate the remainder when b is divided by 44.
3
Let d(x) = x**3 - 3*x**2 - 6*x - 28. What is the remainder when d(6) is divided by 5?
4
Suppose 2*b + 18 = 46. Suppose -3*j + 2*n = 88, -j - 5*n - 4 = -3. What is the remainder when 78/j - (-41 - (-2 - -4)) is divided by b?
12
Let v be (-6)/9 + (-76)/(-6). Suppose -7*r + 40 = -v*r. What is the remainder when 9 is divided by r*1/2*-1?
1
Suppose 4*h = -16, -31*a - 2313 = -34*a + 3*h. Calculate the remainder when a is divided by 48.
47
Let x(q) = 10*q + 29. Let o be x(-5). Let s = o + 64. What is the remainder when 124 is divided by s?
38
What is the remainder when 86 is divided by (-28 - -30)/(1/2)?
2
Suppose -494*v = -497*v + 66. Suppose 36 = 3*c - 0*c. What is the remainder when v is divided by c?
10
Let t(b) = -b**3 + 6*b**2 + 6*b + 10. Let w be t(7). Suppose 2*q - 55 = -w*q. What is the remainder when q is divided by 7?
4
Suppose 0 = -19*x + 275 + 276. Calculate the remainder when 107 is divided by x.
20
Calculate the remainder when 38 is divided by 1045/33 - 5/((-60)/(-8)).
7
What is the remainder when 18 - -43 - (-2 + -2) is divided by 28?
9
Let k = 530 + -520. Calculate the remainder when (254/(-6))/(1/(-3)) is divided by k.
7
Let r(o) = -4*o**2 + 38*o - 4. Calculate the remainder when 102 is divided by r(9).
4
Let u be ((-122)/10)/((4/10)/(-2)). Let y = u - 52. What is the remainder when y is divided by 4?
1
Suppose -216*y = -223*y + 217. What is the remainder when 524 is divided by y?
28
Suppose 0*v + v - 30 = 4*x, -5*v - 4*x = -126. Calculate the remainder when 94 is divided by v.
16
Suppose 0 = -2*u - 2*h + 366, 65 = u - 2*h - 130. Suppose -2*y = 10, -4*c + c + u = 4*y. What is the remainder when c is divided by 36?
33
Let s(b) = 5*b**2 - 4. Let h = 5053 + -4850. What is the remainder when h is divided by s(-3)?
39
Let q(s) = -11*s + 123. What is the remainder when q(0) is divided by 25?
23
Suppose 5*g = 2*j + j + 51, 3*j + 5*g = -81. Calculate the remainder when 163 is divided by (-6)/(70/j - -3).
31
Let y be 2/9 + 3578/18. Suppose -8*l + 297 + y = 0. What is the remainder when l is divided by 13?
10
Let y(b) = b**3 + 2*b**2 - 4*b + 3. Calculate the remainder when 135 is divided by y(3).
27
Let b be (1*-2)/((-14)/35). Let r = -5 + 10. Calculate the remainder when r is divided by 14/4 - b/(-10).
1
What is the remainder when 95 is divided by (-87)/(-2) + ((-247)/(-26))/19?
7
Let d = -2 - -59. Let s = -21 + d. Calculate the remainder when 104 is divided by s.
32
Let v = -23 + 35. Calculate the remainder when 66 is divided by (-1186)/(-34) - v/(-102).
31
Suppose 0 = 20*o + 6*o - 312. Calculate the remainder when 81 is divided by o.
9
Suppose 2086 - 2470 = -2*y. What is the remainder when y is divided by -1 + 0 - (-15 + -1)?
12
Let w = 44 - 1. Calculate the remainder when w is divided by 18.
7
Let r = -22 - -18. Let i(a) = -2*a**2 - 10*a - 2. Let p be i(r). What is the remainder when (-171)/(-6) - 9/p is divided by 8?
3
Suppose -3 = -5*t - 13. Let g be ((-22)/6)/(t/12). What is the remainder when 19 is divided by 6/(-33) - (-158)/g?
5
Suppose 0 = 7*j - 9*j + 10, 3*m - 5*j + 1 = 0. Calculate the remainder when -3*(19/(-3) + 2) is divided by m.
5
Suppose 0 = -26*j + 27 + 467. Calculate the remainder when 71 is divided by j.
14
Suppose -58 + 170 = -2*g. Let y = 12 - g. Suppose l + 3*a - 2*a - 17 = 0, 4*l + 2*a = y. Calculate the remainder when l is divided by 9.
8
Suppose 9*y - 11 - 16 = 0. Let v(d) = -d**2 + 13*d - 16. Let c be v(12). Calculate the remainder when ((-783)/18)/(y/c) is divided by 12.
10
Let z = -859 + 998. What is the remainder when 152 is divided by z?
13
Let r(s) = -s**3 - 3*s**2 + 2*s. Let u be r(-3). Let y(w) = 4*w + 37 - 41 + w**2 + w**2 + w. Calculate the remainder when y(u) is divided by 13.
12
Let m(a) = -2*a**2 - 13*a + 14. Calculate the remainder when ((-12)/(-16)*4)/(-1)*-9 is divided by m(-7).
6
Let s = 1379 - 492. Suppose -h = 2*h - 5*p - s, 1465 = 5*h + 5*p. Suppose -5*l - l + h = 0. Calculate the remainder when l is divided by 25.
24
Suppose -4*u + 11 = 3. Let y(k) = -4 - 3*k**2 + 2*k**3 + 2*k**u + 3 + k - k**2. What is the remainder when 15 is divided by y(2)?
6
Suppose 0 = -3*g + 9, 2*t - 3*t + 5*g + 68 = 0. Calculate the remainder when t is divided by 19.
7
What is the remainder when (-2)/10 - ((-12726)/30 - 15) is divided by 111?
106
Let z be 1/2*60/6. Let b be 30/(-75) - (-22)/z. Suppose 215 = b*o + o. What is the remainder when o is divided by 11?
10
Let p = 43 - 24. Let o = -9 + p. What is the remainder when 36 is divided by o?
6
Let o = -864 - -350. Let b = 4 - 12. Calculate the remainder when o/b - 8/32 is divided by 22.
20
Suppose -3*g - n = 130, g - 24 = 2*n - 79. Let w = 89 + g. Let k = -5 + 28. Calculate the remainder when w is divided by k.
21
Suppose -2*u + 5*k + 93 = 2*u, 3*k + 49 = 2*u. What is the remainder when (-232)/(-5) + (-8)/20 is divided by u?
12
Let l = 33 + -23. Let w(p) = 6*p + 9. Calculate the remainder when w(l) is divided by 18.
15
Let y(p) = -4*p**3 - 2. Suppose 45*n + 102 = 51*n. What is the remainder when y(-2) is divided by n?
13
Let u = 110 - 64. Let o = -261 - -277. Calculate the remainder when u is divided by o.
14
Calculate the remainder when (-6)/16 - (0 - (-10190)/(-80)) is divided by 43.
41
Let r = 9 + -74. Let b = 104 + r. Suppose a = -5*k + 49, -3*k - 4*a = -b - 4. Calculate the remainder when 53 is divided by k.
8
Let k(q) = -6*q**3 + q**2. Let f(m) = -m - 7. Let j be f(-5). Let l be k(j). Let o = l + -31. What is the remainder when o is divided by 8?
5
Let t(x) = 2*x**3 + 12*x**2 + x - 12. What is the remainder when 97 is divided by t(-5)?
31
Let h = -62 - -101. Let k = 30 + -33. What is the remainder when (-1)/3*115*k is divided by h?
37
Suppose 4*a - 344 = -a - 2*l, -207 = -3*a - l. Suppose -30 = -2*s + 8. Calculate the remainder when a is divided by s.
13
Let h(m) = 2*m**2 + 32*m - 149. What is the remainder when 593 is divided by h(4)?
10
Suppose -5*f - 210 = -5*p, -5*p = -3*f - 135 - 69. Calculate the remainder when 155 is divided by p.
38
Let j = 2 - -20. What is the remainder when 100 is divided by j?
12
Suppose 4*s = 0, -2*f - f + s + 27 = 0. Suppose -f = -5*b + 1. Suppose -r = 5*l - 59 - 6, -4*r = -b*l + 48. Calculate the re